mmon divisor of 980 and 2695.
245
Calculate the greatest common divisor of 20 and 644.
4
What is the highest common divisor of 171 and 189?
9
What is the greatest common divisor of 1835 and 20?
5
Calculate the highest common divisor of 77 and 275.
11
Calculate the highest common divisor of 14 and 182.
14
Calculate the highest common factor of 784 and 308.
28
Calculate the greatest common factor of 14 and 6461.
7
What is the greatest common factor of 171 and 27?
9
Calculate the greatest common divisor of 20 and 460.
20
Calculate the greatest common factor of 288 and 1632.
96
What is the greatest common factor of 272 and 238?
34
What is the greatest common divisor of 93 and 248?
31
Calculate the greatest common divisor of 276 and 207.
69
What is the greatest common divisor of 8289 and 54?
27
What is the highest common factor of 2829 and 41?
41
Calculate the highest common factor of 352 and 2673.
11
Calculate the highest common factor of 445 and 5.
5
What is the greatest common factor of 6 and 957?
3
What is the highest common factor of 2457 and 567?
189
What is the highest common divisor of 21896 and 119?
119
What is the highest common factor of 470 and 20?
10
Calculate the highest common factor of 74 and 962.
74
Calculate the greatest common divisor of 32 and 752.
16
Calculate the highest common divisor of 456 and 342.
114
What is the greatest common divisor of 57 and 9519?
57
What is the highest common divisor of 180 and 140?
20
Calculate the highest common divisor of 1818 and 18.
18
Calculate the highest common divisor of 265 and 15.
5
What is the greatest common factor of 319 and 231?
11
Calculate the highest common factor of 286 and 110.
22
What is the highest common factor of 60 and 105?
15
What is the greatest common divisor of 400 and 64?
16
What is the greatest common factor of 1078 and 11?
11
What is the highest common factor of 546 and 3906?
42
What is the greatest common divisor of 32 and 16?
16
Calculate the highest common divisor of 1140 and 1020.
60
Calculate the highest common divisor of 920 and 3565.
115
Calculate the greatest common divisor of 52 and 11596.
52
What is the highest common factor of 70 and 5?
5
What is the greatest common factor of 88 and 17468?
44
Calculate the greatest common divisor of 7056 and 144.
144
Calculate the greatest common divisor of 174 and 18618.
174
What is the highest common divisor of 104266 and 74?
74
What is the greatest common factor of 9 and 747?
9
Calculate the greatest common factor of 272 and 85.
17
What is the greatest common divisor of 24 and 54?
6
Calculate the highest common factor of 112 and 2212.
28
What is the highest common divisor of 54 and 426?
6
Calculate the greatest common factor of 110 and 20.
10
Calculate the highest common divisor of 2 and 162.
2
Calculate the greatest common factor of 2 and 148.
2
Calculate the highest common divisor of 110 and 286.
22
Calculate the greatest common factor of 68 and 3332.
68
Calculate the greatest common divisor of 2 and 46.
2
What is the highest common factor of 17 and 4879?
17
What is the greatest common divisor of 1040 and 12?
4
What is the highest common factor of 7375 and 25?
25
What is the highest common factor of 22 and 737?
11
Calculate the greatest common divisor of 1794 and 156.
78
What is the greatest common divisor of 17 and 629?
17
Calculate the greatest common divisor of 5 and 90.
5
What is the highest common divisor of 106 and 16165?
53
Calculate the greatest common divisor of 77 and 187.
11
Calculate the highest common factor of 833 and 357.
119
What is the highest common divisor of 16 and 37984?
16
Calculate the greatest common divisor of 110 and 20.
10
Calculate the greatest common divisor of 292 and 4.
4
What is the greatest common divisor of 1456 and 16?
16
Calculate the highest common factor of 86 and 817.
43
What is the highest common divisor of 152 and 323?
19
Calculate the highest common divisor of 143 and 11.
11
What is the greatest common divisor of 29 and 1?
1
Calculate the greatest common factor of 5280 and 44.
44
Calculate the highest common divisor of 3839 and 22.
11
What is the greatest common factor of 1027 and 13?
13
What is the greatest common factor of 220 and 352?
44
What is the highest common factor of 2268 and 105?
21
Calculate the greatest common divisor of 64 and 16.
16
What is the greatest common divisor of 43 and 1247?
43
What is the highest common factor of 93 and 120?
3
Calculate the highest common factor of 114 and 342.
114
Calculate the highest common divisor of 120 and 11490.
30
Calculate the highest common divisor of 1644 and 12.
12
What is the highest common divisor of 101288 and 44?
44
Calculate the highest common factor of 231 and 21.
21
Calculate the highest common divisor of 540 and 18.
18
Calculate the highest common divisor of 60 and 130.
10
Calculate the highest common factor of 792 and 54.
18
Calculate the greatest common divisor of 6 and 14334.
6
What is the highest common divisor of 600 and 48?
24
Calculate the highest common divisor of 7581 and 315.
21
What is the highest common factor of 144 and 320?
16
What is the greatest common divisor of 208 and 3104?
16
Calculate the greatest common divisor of 6 and 17.
1
Calculate the highest common factor of 1937 and 507.
13
Calculate the highest common factor of 13230 and 196.
98
What is the highest common factor of 29 and 58?
29
What is the highest common factor of 8 and 108?
4
Calculate the greatest common divisor of 4886 and 14.
14
Calculate the highest common factor of 29 and 10121.
29
What is the greatest common divisor of 96 and 24?
24
Calculate the highest common factor of 16815 and 15.
15
Calculate the greatest common factor of 115 and 5520.
115
Calculate the greatest common divisor of 90 and 2230.
10
Calculate the highest common factor of 266 and 38.
38
What is the greatest common divisor of 301 and 946?
43
Calculate the greatest common factor of 26 and 4498.
26
Calculate the highest common divisor of 798 and 126.
42
Calculate the highest common divisor of 20 and 1780.
20
Calculate the highest common factor of 363 and 825.
33
What is the highest common factor of 8304 and 48?
48
Calculate the highest common factor of 1778 and 8.
2
What is the greatest common factor of 11914 and 1610?
322
Calculate the greatest common factor of 98 and 1862.
98
What is the highest common divisor of 35 and 280?
35
What is the highest common factor of 161 and 35?
7
Calculate the greatest common factor of 1564 and 3036.
92
What is the highest common factor of 110 and 462?
22
What is the greatest common factor of 4742 and 4?
2
Calculate the greatest common divisor of 17 and 4352.
17
Calculate the greatest common factor of 111 and 9.
3
Calculate the highest common divisor of 560 and 920.
40
What is the greatest common divisor of 21 and 6293?
7
Calculate the highest common divisor of 33830 and 340.
170
Calculate the greatest common factor of 1308 and 36.
12
Calculate the highest common factor of 540 and 20.
20
What is the greatest common factor of 184 and 8?
8
What is the greatest common factor of 14 and 5222?
14
Calculate the highest common divisor of 473 and 43.
43
What is the highest common factor of 71 and 1775?
71
Calculate the greatest common divisor of 2033 and 76.
19
Calculate the highest common divisor of 4 and 37.
1
What is the highest common divisor of 286 and 12?
2
What is the greatest common factor of 47 and 3807?
47
What is the greatest common divisor of 350 and 658?
14
What is the greatest common factor of 249 and 166?
83
What is the greatest common factor of 3874 and 234?
26
Calculate the highest common factor of 928 and 58.
58
What is the greatest common factor of 32 and 2?
2
What is the greatest common factor of 1519 and 343?
49
What is the greatest common divisor of 700 and 28?
28
Calculate the highest common divisor of 210 and 350.
70
What is the highest common divisor of 8 and 136?
8
Calculate the greatest common factor of 540 and 80.
20
What is the greatest common factor of 1352 and 1690?
338
What is the highest common factor of 26 and 554?
2
What is the greatest common factor of 286 and 374?
22
What is the greatest common divisor of 72 and 552?
24
Calculate the greatest common divisor of 6 and 33.
3
Calculate the greatest common